ose 4*n - 7 = 1, -67 = -3*a - 5*n. What are the prime factors of a?
19
Suppose a - o = -2*o, 5*o + 28 = 2*a. Suppose -4*q + 60 = -5*y, 3*q = -a*y - 22 + 67. What are the prime factors of q?
3, 5
Let g(d) = -d**3 - 10*d**2 + 11*d + 5. Let a be g(-11). Suppose -a*b = -2*p - 80, -p - 43 = -2*b + 2*p. What are the prime factors of b?
2, 7
Let z be ((-2)/4)/(4/32). Let c(g) = g + 1. Let n be c(z). Let k = n - -6. List the prime factors of k.
3
Let f(n) = -n**3 + 7*n**2 + 7. Let s be f(7). Let h = s + -3. Suppose -2*p = -0 - h. What are the prime factors of p?
2
Let s(r) = -3*r. Suppose t + 5*n = 15, 4*t - n = 2*n - 32. List the prime factors of s(t).
3, 5
Suppose -6 = -0*p - 3*p. Suppose s - 5*o = 45, -4*s = -p*s - 4*o - 60. What are the prime factors of s?
2, 5
Suppose 1 = 3*j - 2*j. Suppose -3*l - 11 = y, 2*y - 3*y + j = -l. Let c = l - -5. What are the prime factors of c?
2
Let v = 63 + -21. List the prime factors of v.
2, 3, 7
Suppose 2*h - 2*a - 2 - 4 = 0, 5*h + 3*a = -1. List the prime factors of 0/3 - h - -3.
2
Let n = 27 + -39. Let i = 30 - 47. Let k = n - i. List the prime factors of k.
5
Suppose 3*s - 17 = -x, s - 5*x - 29 = -3*s. Suppose 0 = 2*a + 2*n, -2*a + s = -a - 2*n. Suppose 2*u - 4*m - 1 = 9, -a*u + 30 = m. List the prime factors of u.
13
Let z(g) = -g**3 - 18*g**2 - 2*g + 25. List the prime factors of z(-18).
61
Let h be 2/(-8) - (-106)/8. Let g = -6 + h. List the prime factors of g.
7
Suppose y - 3*x + 1 = 5, 0 = 3*x - 3. List the prime factors of y.
7
Suppose -u = 5*o - 26, -4*o + 6*o - 60 = -2*u. List the prime factors of u.
31
Let n be 2 + (-3)/(6/(-4)). Suppose -3*t - n*o = -19, -8 - 9 = -t + 4*o. What are the prime factors of t?
3
Suppose -5 = -5*f - 0. List the prime factors of 3 + 0/f + 11.
2, 7
Suppose 5*b = -a + 10 + 5, -b - 11 = 3*a. Suppose -b*k = -9 - 3. List the prime factors of k.
3
Suppose 25 = -3*r - 5*w, -4*r - 4*w - 11 = 17. List the prime factors of (-1 - r) + (3 - 1).
2, 3
Suppose 3*w - 32 = 2*w. What are the prime factors of w?
2
Let p be (-1 + -6)*5*1. Let a = -21 - p. List the prime factors of a.
2, 7
Let r be (-1 - -5)*(-9)/4. Let x = r + 19. List the prime factors of x.
2, 5
Let g = -45 + 64. List the prime factors of g.
19
Let q(z) = 8*z**2 + 1. What are the prime factors of q(2)?
3, 11
Let u(y) = y**3 - 23*y**2 + 20*y - 55. What are the prime factors of u(23)?
3, 5
Suppose 2*o - 5 = 7*o. Let d = 4 - 8. List the prime factors of o/(-2) - 46/d.
2, 3
Suppose q - 5*q = 0. Let f be (-2 + q)*(-126)/4. Suppose -2*i = i + 5*w - 25, -3*w + f = 5*i. What are the prime factors of i?
3, 5
Let c(x) = -x**3 - 3*x**2 - 5*x - 3. Let f be c(-3). Let k = f + -4. What are the prime factors of k?
2
Let r(x) = -x - 3. Let t be r(-5). Let d be (3 + -2)/(t/10). Suppose n - 2*s = 0, -s + 4 + d = n. What are the prime factors of n?
2, 3
Suppose 3*n + 2 = 17. Suppose 12 = n*c + 147. Let k = c + 44. List the prime factors of k.
17
Suppose 0 = -c + 5*c - 12. Suppose 13 = c*z - k - 42, 4*z - 4*k = 60. Suppose s - z = -s. List the prime factors of s.
2, 5
Suppose 0 = 2*m - 14 - 16. What are the prime factors of m?
3, 5
Let c(h) = -3*h**3 - 2*h**2 - 3*h + 6. What are the prime factors of c(-4)?
2, 89
Let i be 16/(2 - 0)*-1. Let t = -4 - i. Suppose 0 = -f + 3*k + t, -f + 0*k + 20 = k. What are the prime factors of f?
2
Let d(q) = -2*q + 4. Let x be d(0). Suppose -11 + 91 = x*g. List the prime factors of g.
2, 5
Let u = -255 + 627. List the prime factors of u.
2, 3, 31
Let x = -249 + 354. What are the prime factors of x?
3, 5, 7
Let u = 14 - 2. What are the prime factors of u?
2, 3
Suppose -5*h - 25 = u, -4*u + 4*h = -0*h + 4. Let i = 35 + -26. Let q = i + u. List the prime factors of q.
2
Suppose 0 = -4*o + 3*o + 4. Suppose 30 = o*f - 3*k + 4*k, -3*f - 3*k = -27. List the prime factors of f.
7
Let l(o) be the third derivative of o**4/8 - o**3/3 + o**2. Suppose -5*p + y = -18, y - 3 = 2*y. List the prime factors of l(p).
7
Let c(t) = -20*t**3 + 2*t**2 + t. Suppose 2*r - 6 = -0*r, -7 = m - 2*r. What are the prime factors of c(m)?
3, 7
Let z be ((-4)/(-16))/((-3)/(-24)). Let u(n) = 4*n - 6. Let p be u(9). Suppose -h = z*h - p. List the prime factors of h.
2, 5
Let x be (378/45)/((-2)/(-5)). Let s = 5 + x. What are the prime factors of s?
2, 13
Let c(x) = x**3 - x**2 - 2*x + 3. Let o be (-6 - (1 + -3))/(-2). Let p be c(o). Suppose p*h + 2*z = 37, 0*z - 20 = -2*h + z. What are the prime factors of h?
11
Let v(x) = -x + 11. Let m be v(9). Let d = 89 - 59. Suppose -m*g + d = g. List the prime factors of g.
2, 5
Let l(k) = k - 8. What are the prime factors of l(11)?
3
Let l(n) = n**3 + n**2 - n - 4. Let z be l(5). What are the prime factors of 1/(-4 - (-567)/z)?
47
Suppose -3*o - 4*r + 12 - 3 = 0, 0 = -r - 3. Suppose 18 = -o*a + 4*a. List the prime factors of (-3)/a - 22/(-4).
2, 3
Suppose d = -2*j + 41, 5*j - 101 = -0*j - 4*d. What are the prime factors of j - (1 - -2 - 6)?
2, 3
Let x(y) = 2*y**2 - y + 12. What are the prime factors of x(6)?
2, 3, 13
Let y(f) = -2*f**2 + 4*f - 3. Let b be y(2). Let c = b + 5. List the prime factors of c.
2
Suppose -21 = 3*u - 5*x, -2*u - 14 = 2*u - 2*x. What are the prime factors of (-9)/3 - (-30 + u)?
29
Suppose 6*w - 72 - 390 = 0. What are the prime factors of w?
7, 11
Suppose 3*c - 94 - 60 = -j, 0 = -4*j - 8. What are the prime factors of c?
2, 13
Let j(h) = -37*h - 4. What are the prime factors of j(-3)?
107
Let a(y) = -y + 2. Let t be a(0). Suppose -4*b = -l - 45 - t, b + 4 = -5*l. List the prime factors of b.
11
Suppose 2*o = o + 67. Let w = o - 47. Let g = w - 9. What are the prime factors of g?
11
Suppose 3*j - 3 = 2*y + 17, -3*y = -3*j + 30. Let m = 22 + y. What are the prime factors of m?
2, 3
Let x be 4/(6/4 - 2). Let q be (-955)/(-20) + (-2)/x. Suppose l - 3*z - 12 = 0, 4*l - 2*z = z + q. List the prime factors of l.
2, 3
Let w(y) = y**2 + y - 7. Suppose -a - 1 - 3 = 0, 3*u + 4*a = -16. Let r be w(u). Let d(b) = b**2 + 8*b + 9. What are the prime factors of d(r)?
2
List the prime factors of -152*(3 + (-14)/4).
2, 19
Suppose -2 = 4*q - 10. Suppose 0 = -4*r - 5*h + 55, 2*r - q*h + 10 = 3*r. What are the prime factors of r?
2, 5
Suppose u - 12 = -u. Suppose -u = -r - 1. Suppose -s - 2*s - 8 = -z, r*z + 2*s - 6 = 0. What are the prime factors of z?
2
Let x = -19 - -19. List the prime factors of x - (64*1)/(-2).
2
Let n be 5/2*(-108)/(-10). Suppose -5*y + 8*y - n = 0. List the prime factors of y.
3
Suppose 0 = -2*w - 2*w + 188. Suppose 4*q + 8 = 3*f + 64, 5*q - w = -2*f. What are the prime factors of q?
11
Suppose 0*i - 9*i + 783 = 0. List the prime factors of i.
3, 29
Let u = -4 + 4. Suppose -11 = -5*l - 0*l + v, 4*l - 3*v - 11 = u. List the prime factors of l.
2
Let b(f) = -2*f**3 - 3*f**2 - 3*f - 2. What are the prime factors of b(-4)?
2, 3, 5
Let t(q) = -4*q + 1. Let v be t(4). Let f = -11 - v. List the prime factors of f.
2
Let x(o) = -5*o**2 + 3. Let y(a) = -a**2 + a. Let m(q) = x(q) - 4*y(q). Let f be m(-5). Let k = f - -6. What are the prime factors of k?
2
Let y = -256 - -414. Suppose y = 4*p + t, -t + 2 = -2*t. List the prime factors of p.
2, 5
Let y be (-2 + 5/2)*2. Let d be -14 + y/((-1)/1). List the prime factors of (-6)/d - (-18)/5.
2
Let d(k) = 3*k**2 + 2 - 6 + 2 - k**3. What are the prime factors of d(2)?
2
Let w = 9 + -15. Let x be 8/(-4) + (-1 - w). Suppose -x*n + 13 = -8. List the prime factors of n.
7
Let x(v) = v**2 - 3*v - 4. Let u be x(5). Let j be 1*0*2/u. Suppose -5*y = -4*g - 18, -2*y = 2*g - j*g - 18. What are the prime factors of y?
2, 3
Suppose 3*y + 15 = -5*i, 4*y - 5 = 3*i + 4. Suppose j + j - 28 = y. List the prime factors of j.
2, 7
List the prime factors of (-2)/6*-3*367.
367
Let m(y) = y**2 + 2*y + 1. Let r(v) = v - 3. Let u be r(6). Suppose -o - u - 2 = 0. List the prime factors of m(o).
2
Let p = -8 - 8. List the prime factors of (4/6)/(p/(-72)).
3
Suppose -k - 2 = k. Let c be (0/1)/k + 26. Suppose 5*o - 2*g - 16 = 0, g + c = 5*o + 4*g. What are the prime factors of o?
2
Suppose -2*l - 405 = 3*l. Let x = 21 + -36. What are the prime factors of l/x + 2/(-5)?
5
Let j = -51 + 95. Suppose j = 4*z - 64. What are the prime factors of z?
3
Let y be (2/(-6))/((-3)/45). Suppose -2*r + 2*s - y + 35 = 0, 5*s + 25 = 0. What are the prime factors of r?
2, 5
Let f(m) = -71